 Suppose f*p - 8 = 2*p. Let c(y) be the second derivative of -2*y**3/3 + 3*y**2/2 - 478*y. Determine c(p).
-5
Suppose 0 = -6*j + 9*j - 5*a - 13, j - 2 = 4*a. Let u(l) = 5 - 4 + 8*l**2 + 2*l**3 - l**3 - 3*l - j*l. What is u(-9)?
1
Suppose 8 = k + 3*r, 0*k - 5*r + 14 = 2*k. Let u(l) = 13*l - 23*l + 9*l + l**k - 2. Let v be (-18)/4*8/(-12). Calculate u(v).
4
Let z be (-66)/(-198)*(0 + -1 + 1). Let d(j) be the third derivative of j**5/60 - j**4/24 + 5*j**3/2 + 2*j**2. What is d(z)?
15
Suppose s - c - 15 = 2*c, 0 = -4*s + c + 16. Suppose -s*l = -4 + 10. Let b(z) = z + 6*z**2 + z**3 + 2 - 5*z**2 + 0*z**2. Determine b(l).
-4
Let o(a) = a**2 - 18*a - 4. Let t(m) = -2*m**2 + 47*m + 12. Let r(w) = 11*o(w) + 4*t(w). Give r(4).
12
Let a(c) = 19*c - 32. Let u(i) = -63*i + 97. Let s(l) = -7*a(l) - 2*u(l). Calculate s(6).
-12
Let h(u) = -3*u - 6. Let a be (0 + 0)/(0 - 2). Suppose 5*o + p - 35 = a, 0 = 3*o + o - 5*p + 1. Give h(o).
-24
Let n(w) = 3*w**2 + 2*w - 2. Let t = -48 + 48. Suppose 4*x - 7 = 5*c - 1, t = -5*c - 5*x - 15. What is n(c)?
6
Let v(m) = m**3 - 10*m**2 + 11*m - 9. Let c(q) = -q**3 + 6*q**2 - 4*q + 4. Let b be c(5). Calculate v(b).
9
Let o = -463 - -467. Let p(r) = -5*r - 4. Give p(o).
-24
Let f(b) = -b**2 - 11*b - 15. Let l be f(-8). Let u(z) = -z**2 + 7*z + 5. Calculate u(l).
-13
Let w(x) = -2. Let c(d) = -d - 1. Let f(a) = 4*c(a) - w(a). Let z be (-1 + 2)/(4/12). Suppose -y = 3*t - 7 - 7, 0 = z*y - 4*t + 10. Determine f(y).
-10
Let k(b) be the second derivative of b**3/6 - 20*b. Let g be (-2)/3 - 5/15. Let t be (0 + g - -3)*2. Calculate k(t).
4
Let o = -18 - -10. Let k = o - -11. Let r(l) = -k*l + 0*l - 2 + l. What is r(-5)?
8
Let l(h) = 5*h + 10 + h - 11*h + 6*h. Determine l(-10).
0
Suppose 3*g - 13 = g - t, -4*t + 4 = 0. Let f(z) = -g*z**2 + 0*z**2 + 0*z**2 + 17*z**2. Give f(-1).
11
Suppose 0 = -4*b + 5*k + 9, -2*b - 20*k = -21*k - 9. Let q(m) = 7*m - 2*m - 1 - 6 - m**2. Determine q(b).
-13
Let p = 32 - 27. Let c(k) be the first derivative of k**3/3 - 5*k**2/2 - 5*k + 2. Give c(p).
-5
Let q(a) = -a**2 - 4*a - 2. Let v be (10 + (-153)/18)*(-4)/3. Determine q(v).
2
Let s(q) be the third derivative of -q**6/60 - q**5/20 + q**3/6 - 2*q**2. Suppose 2*y + 9 = -5*c - 10, 0 = -4*y - 5*c - 23. Determine s(y).
5
Let h(w) = -w**3 + 5*w**2 - w + 1. Let m(q) = -q**3 - 7*q**2 + q + 9. Let f = 10 - 17. Let t be m(f). What is h(t)?
11
Let l be (0 + 2)/((-2)/5). Let d(u) = u**3 + 5*u**2 + u + 1. Determine d(l).
-4
Let s(i) = 5*i + 12. Let q(u) = 4*u + 10. Let b(m) = 3*q(m) - 2*s(m). What is b(-7)?
-8
Let t(z) = -4*z - 3. Suppose 11*l = -81 + 301. Suppose -9*g + 5*g = l. Give t(g).
17
Suppose 609*z = 615*z - 36. Let p(t) = -7*t - 1. Let k(x) = -6*x. Let l(c) = 5*k(c) - 4*p(c). Give l(z).
-8
Let w be 8*3/(-18)*-3. Suppose -5*y + 3 = 5*n - 12, -w*n = 20. Let x(v) = v**3 - 9*v**2 + 8*v - 2. Determine x(y).
-2
Let o(c) = 0 + 1 + c + 0*c. Suppose -3*r - u + 30 = u, 0 = 2*r + 3*u - 20. Suppose t - 3*t = r, 3*t = -3*b - 24. Calculate o(b).
-2
Let w(r) = r + 1. Let i(b) = -6*b - 5. Let x(y) = i(y) + 5*w(y). Suppose 0 = 5*f + 26 - 6. Calculate x(f).
4
Let x(p) = -p - 1. Let n = -43 - -24. Let m = 27 + n. Suppose 0 = -5*o + m*o + 3. Determine x(o).
0
Let f be (-2)/15 + (9569/105 - -5). Let m(y) = 2*y - y - 92 + 2*y**2 + f - y**2. Calculate m(-3).
10
Let m(k) = 7*k - 52. Suppose -x - 16 = -5*y + 22, -2*y + 18 = x. Calculate m(y).
4
Let j(x) = -5*x - 2. Let t(n) = -2*n**2 - 19*n + 59. Let z be t(-12). Give j(z).
3
Let o(v) = 3*v - 4*v**2 - v**3 + 3 + 5*v**2 + 12*v - 12*v. Calculate o(-2).
9
Suppose x - 3*f = -11, -4*x = 4*f - 18 - 2. Suppose -4*w + 2 = 2*p, 4*w + 0*p - 17 = 3*p. Let v(j) = x - w - 9*j + 7*j. Calculate v(2).
-5
Let l = 110 + 16. Let o be 10/65 - l/(-26). Let f(q) = q**3 - 6*q**2 + 3*q + 6. What is f(o)?
-4
Let q = -7 - -8. Let u(z) be the third derivative of z**5/20 + z**3/6 - 3*z**2 + 82*z. Calculate u(q).
4
Let i(t) be the third derivative of -t**8/10080 - t**7/5040 + t**6/360 + 19*t**5/60 + 4*t**2. Let z(s) be the third derivative of i(s). What is z(2)?
-8
Let r(h) = -3 - 3 + 1 + h. Suppose 56 = 5*z + 9*z. Determine r(z).
-1
Suppose -4*y - 20 = y + 5*q, -4*y - 3*q - 11 = 0. Suppose y = 2*n - n. Let g(l) = -16*l**3 + l. Give g(n).
-15
Let m(x) = -142*x**3 + 2*x**2 + 1 + 2*x - 3*x**2 + 143*x**3 + 0*x**2. Determine m(0).
1
Let q(x) = -33*x**2 - 36*x**2 + 0 - 36*x**2 - 4 + 2*x + 106*x**2. Calculate q(3).
11
Let k(x) be the third derivative of -x**4/24 - 8*x**3/3 + 805*x**2. Let n = 4 + -9. Let v be 2/(-5) - 2/n. Calculate k(v).
-16
Suppose -2*y - 26 = 2*y + 3*d, -2*d + 16 = -4*y. Suppose -116 = 2*r - 6*r - 2*o, 0 = 4*o + 8. Let f(p) = r*p**2 - p**3 - 2*p + 28*p**2 - 2 - 63*p**2. Give f(y).
8
Let v(x) = 18*x**2 - 1. Let t be v(-1). Suppose -d - 18 = 4*k, t - 5 = -d - 2*k. Let j(y) = -2*y - 8. Give j(d).
4
Let i = -1300 + 1298. Let k(r) = 4*r**2 - 3*r - 2. What is k(i)?
20
Suppose -5*p + 92 = -2*t, 3*p = 8*p + t - 89. Let v be 3/p - (-185)/90*-3. Let h(u) = -u**3 - 6*u**2 - u - 8. Calculate h(v).
-2
Let s = 427 - 430. Let z(v) = v**3 + 3*v**2 - 3*v - 2. Calculate z(s).
7
Let m(x) be the third derivative of -x**6/15 + x**5/60 + x**4/24 - x**3/6 + 13*x**2. Let o be 26/10 + 8/20. Let h be ((-1)/o)/(4/(-12)). Determine m(h).
-7
Let d(s) = -4*s**2 - 7*s - 3*s**2 + 3*s + 1 + 3*s. Let k = 13 - 12. What is d(k)?
-7
Let m(g) = 3*g**3 + 3*g**2 - 2*g + 2. Let o be m(1). Suppose o*k - k - 15 = 0. Let u(t) = t**2 - 4. Calculate u(k).
5
Suppose -9 = -5*d - 2*x, -2*d - 2*x - 2*x = 6. Let q(s) = 2 - d*s + 12*s + 6*s - 6*s. Determine q(-2).
-16
Let t(v) be the first derivative of v**4/2 + v**3/3 + v - 64. What is t(-2)?
-11
Let o(x) = x**3 + 13*x - 5. Let z(u) = -u**3 - 2*u**2 - 12*u + 5. Let t(c) = 3*o(c) + 4*z(c). Calculate t(-7).
19
Let o(f) = -f - 3108*f**3 + 0*f + 3103*f**3. Suppose 1 = -g + 2. What is o(g)?
-6
Let q be 4/((-6)/(-24)*-2). Let d(b) = b**2 + 8*b + 8. Give d(q).
8
Let o(f) = -1 - 2*f**3 + 9 + 681*f**2 - 673*f**2 + 9*f. Determine o(5).
3
Let k(o) = o**2 - o - 4. Let l be (-4)/22 + 27/(-33). Let x be (-1)/l*12/3. What is k(x)?
8
Let k(f) = -15*f - f**2 - f**2 + 17 + 7*f - 6. Determine k(-5).
1
Let z(g) = -2*g + 1. Let y = -1 - -16. Suppose y + 18 = -u. Let l = 37 + u. Calculate z(l).
-7
Suppose 10*m = 5*m + 25. Let q(f) be the third derivative of f**4/8 - 5*f**3/6 + 10*f**2. What is q(m)?
10
Let a(y) be the first derivative of -y**4/4 - 2*y**3 + 3*y**2 + 5*y - 800. What is a(-7)?
12
Let f(k) = k**2 - 7*k + 6. Let o(q) = 23*q**3 - 2*q**2 + 1. Let z be o(1). Suppose 2*i + 3*y - 31 = 8*y, 0 = 4*i - 2*y - z. Suppose -m + 24 = i*m. What is f(m)?
0
Let l = -472 + 475. Let i(x) be the second derivative of 9/2*x**2 - 3*x - 1/20*x**5 + 1/2*x**l + 0 - 1/2*x**4. Determine i(-6).
-9
Let h(f) be the second derivative of 3*f**5/20 - f**4/6 + f**3/6 - f**2 - 7*f. Suppose 6*t - 12 = -0. Determine h(t).
16
Let p(r) = -3 + 3193*r - 3188*r - 4. Give p(6).
23
Suppose -2*m + 13 = -q + 2, 0 = 2*q + 2*m + 4. Let l(v) = 2*v + 3. What is l(q)?
-7
Let b be (2 + -1 + (-7)/5)*-5. Let h be (1 - 3)*(-3)/(-2) - b. Let c(m) be the first derivative of m**2/2 - m + 1. Calculate c(h).
-6
Let f be 14 + 12/30 + (-4)/10. Let p(c) = 33 - 19 - f - 5*c**2 - c. Give p(1).
-6
Let v(r) = -r + 14. Let f(h) = -3*h + 32. Let t(b) = -4*f(b) + 9*v(b). Give t(1).
1
Let f(g) = -28*g - 1. Let i(q) = 58*q + 2. Let s(b) = -7*f(b) - 3*i(b). Calculate s(1).
23
Let g(i) = 29*i**2 + 5*i. Let o(y) = -9*y**2 - 2*y - 5. Let f(n) = -13*n**2 - 3*n - 8. Let j(s) = -5*f(s) + 8*o(s). Let u(t) = -2*g(t) - 9*j(t). Give u(-1).
6
Suppose -5*g - 3*t = -95, 3*g - 2*t + 6*t = 68. Suppose -17*k + g*k = -2. Suppose 0 = -v + k*v - 3. Let u(q) = -2*q**2 + q + 1. Give u(v).
-14
Let n(v) be the second derivative of v**5/20 + 5*v**4/4 - 8*v**3/3 + 21*v**2/2 - 734*v. Determine n(-16).
21
Let c(z) = -z**3 + 6*z**2 - 7*z + 4. Let n(g) = -g**3 + g + 4. Let o be n(0). Suppose 3*a + 2 = -4*x + 1, -o*x = 4*a. Suppose -5*l - a = -26. Give c(l).
-6
Let g(w) = -w**2 - 8*w - 7. Suppose -2*b = -4*q - 45 + 3, -5*b = -2*q - 145. Suppose -5*n + 17 = -a, 11 - b = 4*a + 4*n. Determine g(a).
0
Let q(k) = -7*k**3 - 41*k**2 - 37*k + 8. Let g(o) = 3*o**3 + 20*o**2 + 18*o - 4. Let w(n) = 5*g(n) + 2*q(n). Determine w(-17).
13
Let y(r) = -r**3 + 4. Le